site?
False
Is 23499883 a composite number?
True
Is 142564411 composite?
True
Is 24693449 a prime number?
False
Is 356502571 prime?
True
Is 248212873 prime?
False
Is 1840093 prime?
False
Is 1141897 a prime number?
False
Is 77864693 composite?
False
Is 90469 a prime number?
True
Is 542447 a prime number?
True
Is 44215099 a composite number?
False
Is 10622231 composite?
False
Is 2898661 prime?
True
Is 20723801 prime?
False
Is 5330777 composite?
True
Is 5623279 a prime number?
True
Is 75414107 a composite number?
True
Is 973469 prime?
False
Is 158951893 a composite number?
False
Is 1100114563 composite?
False
Is 192019 prime?
False
Is 6589859 composite?
True
Is 52132681 prime?
False
Is 49138187 a prime number?
False
Is 17766719 a prime number?
True
Is 6806893 prime?
True
Is 3839921 prime?
False
Is 469267 a composite number?
False
Is 10444439 a composite number?
False
Is 19836293 a prime number?
True
Is 229727947 composite?
False
Is 3558757 composite?
True
Is 186451 prime?
True
Is 1973569 composite?
True
Is 159531509 composite?
False
Is 137445961 composite?
True
Is 467114345 a composite number?
True
Is 7685057 composite?
False
Is 1825507 composite?
True
Is 18501727 prime?
False
Is 75651223 prime?
False
Is 130047353 a prime number?
True
Is 12300014 a prime number?
False
Is 418597 a composite number?
False
Is 21242113 a composite number?
True
Is 198665 composite?
True
Is 3869237 a prime number?
False
Is 8344993 composite?
False
Is 32993861 a composite number?
True
Is 1011949 a prime number?
False
Is 16765453 prime?
True
Is 4418881 a composite number?
False
Is 19985023 prime?
True
Is 1269743 prime?
True
Is 19562 composite?
True
Is 3786919 prime?
True
Is 2858207 a composite number?
True
Is 4627138 composite?
True
Is 5095523 a composite number?
False
Is 40924517 prime?
True
Is 10911133 composite?
True
Is 11096049 a composite number?
True
Is 1846469 a prime number?
True
Is 34818779 a composite number?
False
Is 18335419 a composite number?
True
Is 711274717 composite?
True
Is 2147547 a composite number?
True
Is 1502633 a prime number?
False
Is 810289 prime?
False
Is 56039 prime?
True
Is 884182235 composite?
True
Is 8220067 composite?
True
Is 94548533 prime?
False
Is 1044629 composite?
False
Is 15772741 composite?
True
Is 199151699 prime?
False
Is 54407897 a prime number?
True
Is 70006727 a composite number?
True
Is 490687 prime?
False
Is 73349753 prime?
True
Is 70255291 composite?
False
Is 922709 prime?
False
Is 359355203 composite?
False
Is 525523 composite?
True
Is 198776131 prime?
True
Is 79854323 composite?
True
Is 81559691 composite?
True
Is 317539 prime?
True
Is 8396417 a composite number?
True
Is 12384226 composite?
True
Is 11626411 a prime number?
False
Is 2501291 a prime number?
False
Is 287257063 a composite number?
False
Is 3804587 a composite number?
False
Is 518542 prime?
False
Is 114521471 a prime number?
False
Is 1341335 a composite number?
True
Is 19516709 prime?
True
Is 7239311 a prime number?
True
Is 807869 composite?
False
Is 40369649 a prime number?
True
Is 19407197 prime?
False
Is 11588095 a composite number?
True
Is 139372089 composite?
True
Is 1093759 a composite number?
True
Is 16389311 prime?
True
Is 246186277 composite?
False
Is 42522583 composite?
True
Is 66843949 a composite number?
True
Is 67644281 a prime number?
True
Is 25598317 a prime number?
False
Is 7554671 a composite number?
False
Is 101910181 composite?
False
Is 7626261 a prime number?
False
Is 3044447 prime?
False
Is 10636537 a prime number?
False
Is 2470441 prime?
False
Is 63325837 a prime number?
True
Is 5883529 prime?
False
Is 7554203 a composite number?
False
Is 63200461 composite?
False
Is 9862771 prime?
False
Is 349879 composite?
True
Is 364207 a prime number?
False
Is 1307545 prime?
False
Is 258299651 a composite number?
True
Is 26713691 composite?
False
Is 18674983 a composite number?
False
Is 4465429 a composite number?
False
Is 293123 a prime number?
True
Is 47932771 a composite number?
True
Is 958567 a prime number?
False
Is 92448521 a prime number?
False
Is 439891177 a composite number?
True
Is 9982141 composite?
True
Is 343351 composite?
True
Is 190418653 a prime number?
True
Is 16250791 prime?
False
Is 816869 a prime number?
True
Is 4659131 prime?
True
Is 783153689 composite?
False
Is 3525229 a composite number?
False
Is 23670557 composite?
False
Is 7109041 a composite number?
False
Is 33006389 a prime number?
False
Is 65968913 a prime number?
True
Is 2479483 a composite number?
False
Is 529986071 composite?
True
Is 92370121 composite?
False
Is 420932317 prime?
False
Is 352717 composite?
True
Is 5079881 a composite number?
True
Is 65269727 prime?
True
Is 18873121 composite?
True
Is 15766171 a composite number?
False
Is 11519531 a prime number?
False
Is 2856397 a composite number?
False
Is 1022585 composite?
True
Is 148526803 a composite number?
False
Is 12869827 prime?
False
Is 43731869 a composite number?
False
Is 15440647 a prime number?
True
Is 529070011 composite?
False
Is 290586799 prime?
True
Is 6853753 prime?
True
Is 941223917 a composite number?
True
Is 184443823 a composite number?
True
Is 64038011 composite?
False
Is 38850209 a composite number?
False
Is 448303 composite?
False
Is 304756685 a prime number?
False
Is 2454893 a composite number?
True
Is 30970649 a prime number?
False
Is 2641099 a composite number?
False
Is 1380047 prime?
True
Is 31705571 composite?
False
Is 440885 a composite number?
True
Is 134894561 a prime number?
True
Is 149846603 composite?
False
Is 99043349 a prime number?
True
Is 11744741 composite?
True
Is 276383 prime?
False
Is 14754079 prime?
False
Is 15858527 prime?
False
Is 223958401 composite?
False
Is 25005863 prime?
True
Is 1210617123 a prime number?
False
Is 2808977 a composite number?
False
Is 118630609 composite?
True
Is 2171639 prime?
True
Is 804736549 a prime number?
False
Is 2231239 composite?
True
Is 40796159 a prime number?
True
Is 159058907 a prime number?
False
Is 4820617 a prime number?
True
Is 5133665 a prime number?
False
Is 144348227 composite?
False
Is 109811087 prime?
True
Is 2091331 prime?
False
Is 14825101 composite?
False
Is 44922253 composite?
True
Is 15818669 a prime number?
True
Is 227363 a composite number?
False
Is 1023851 prime?
True
Is 1466677 composite?
False
Is 243801067 prime?
True
Is 1524977 composite?
True
Is 221053211 a prime number?
True
Is 179998831 a composite number?
False
Is 856999763 a composite number?
False
Is 6715411 prime?
False
Is 51980303 a composite number?
True
Is 3925059551 a composite number?
True
Is 1462511 a composite number?
True
Is 222743603 composite?
False
Is 242466241 a composite number?
True
Is 195472411 a prime number?
True
Is 124311221 composite?
True
Is 28792367 a composite number?
False
Is 410609 a composite number?
True
Is 47594719 composite?
False
Is 17525869 a prime number?
True
Is 1203275005 prime?
False
Is 118273 prime?
True
Is 1449061 a composite number?
False
Is 699373 a composite number?
False
Is 123493897 composite?
True
Is 271187333 composite?
False
Is 1784137 a prime number?
True
Is 48624977 composite?
False
Is 111462367 prime?
False
Is 26183093 composite?
True
Is 2539049 prime?
True
Is 3565777 prime?
True
Is 1454801 composite?
False
Is 22450273 a composite number?
False
Is 19805251 composite?
False
Is 507777 a composite number?
True
Is 32092058 prime?
False
Is 1262617 composite?
False
Is 464546413 composite?
False
Is 60384209 a composite number?
False
Is 120323509 a composite number?
False
Is 4826119 a composite number?
False
Is 793126 a prime number?
False
Is 24005279 prime?
True
Is 84614471 a prime number?
True
Is 1340879 composite?
False
Is 193145 a composite number?
True
Is 28829357 a prime number?
True
Is 2060983 prime?
False
Is 5704949 a prime number?
True
Is 66047893 a composite number?
False
Is 884552893 prime?
False
Is 75218113 a prime number?
True
Is 325469 prime?
False
Is 1971943 prime?
False
Is 162339113 prime?
False
Is 45403 a composite number?
False
Is 179101067 a prime number?
False
Is 19299635 a prime number?
False
Is 11594873 prime?
True
Is 3751997 a prime number?
False
Is 769801 prime?
False
Is 476783 a composite number?
False
Is 2254309 a prime number?
True
Is 1200049 a prime number?
False
Is 2308151 a prime number?
Tru